 35*v**2. Calculate y(-21).
-20
Let f(c) be the third derivative of -c**6/120 + 7*c**5/60 + c**4/8 + c**3 - 3*c**2 + 3*c. What is f(6)?
60
Let c(u) = 5*u**3 - 7*u**2 + 6*u + 16. Let l(a) = -6*a**3 + 8*a**2 - 7*a - 19. Let f(g) = 5*c(g) + 4*l(g). Give f(0).
4
Let i be -1 + (-3)/((-12)/56). Let u be (-1)/(-1) - (i + -12). Let x be (-2 + 8)/(-1 + u). Let t(z) = z**3 + 6*z**2 + 3*z + 9. Give t(x).
-9
Let n(o) be the first derivative of 1/2*o**2 + 8 + 6*o. Determine n(-5).
1
Let q(y) = -y**2 + 6*y + 7. Suppose 4*d + 220 = -d. Let v = d + 51. Give q(v).
0
Let p(m) be the first derivative of m**2/2 + m + 359. Give p(-4).
-3
Let h(a) = a**2 + 7*a - 1. Let j be h(-8). Let o(t) = -t**2 - 11*t + 6. Let g(m) = 3*m**2 + 23*m - 12. Let n(q) = 2*g(q) + 5*o(q). Calculate n(j).
-8
Suppose 0 = 5*s - 4*h - 282, -4*s - h = 4*h - 201. Let j be ((-2)/6)/((-3)/s). Let p(f) = 11*f**3 + 2*f**2 + 4*f**2 + 6*f**3 + 5 - 18*f**3 - f. Calculate p(j).
-1
Let n(w) = 5*w**3 - w**2 - w. Let h be (-6)/24 + 9/(-12). Let v be n(h). Let k(u) = -2*u**2 - 2*u**2 + u**3 - 2 - 2*u**3 + 5*u. Calculate k(v).
-2
Let g(z) = -z**3 + 3*z**2 + 8*z - 7. Suppose 5*j + 5*o = 30, 0 = -2*j - 3*o + 2*o + 11. What is g(j)?
-17
Let w(z) = 3*z**2 - 7*z - 5. Let i(m) = -16*m**2 + 16*m**2 + m**2. Let r(c) = 2*i(c) - w(c). Calculate r(8).
-3
Let r = 6 + -4. Let f(k) = -k**3 + 7*k**2 + 2. Let q be f(7). Let n(y) = -3*y**3 + q*y**2 - y + y**3 + 0*y + y**3. What is n(r)?
-2
Let k be 7 + (6/(-3) - 0). Let i(q) = -2*q + 2*q + 0*q + k*q. Give i(1).
5
Let c(l) = -l**2 - 8*l + 4. Let f be ((16/(-20))/1)/(3/30). What is c(f)?
4
Let q(m) = -m**3 + 8*m**2 - 2*m + 12. Let p be q(8). Let k(g) = 6*g + 17. Let i be k(p). Let x(l) = -l**3 - 7*l**2 + 2*l + 7. What is x(i)?
-7
Let x(b) = b**3 + 3*b**2 + 2*b + 2. Let v(n) = 5*n - 33. Let f = -100 - -106. Let o be v(f). Give x(o).
-4
Let s(i) = -4*i**3 + i. Let x(c) = -2*c**3 - c**2 + 1. Let q(l) = s(l) + x(l). Determine q(-1).
5
Suppose -3*f + 2*f - 12 = -2*x, 0 = -2*x + 8. Let g(y) be the second derivative of -y**4/12 - 5*y**3/6 + 4*y. Calculate g(f).
4
Let v be (2 - -4)*17/34. Let w(a) = a**3 - 2*a**2 - 5*a + 3. Determine w(v).
-3
Let j(p) = -p**2 + 5*p - 10. Let n(r) = -r**2 + 5*r - 9. Let y(g) = 4*j(g) - 5*n(g). Suppose -2*z + 5 = 1. Suppose -z*k + 5 = -k. What is y(k)?
5
Let x = -73 + 77. Suppose u + 3 = -x. Let k(t) = -t - 8. Give k(u).
-1
Suppose 0 = 6*k - 8 - 28. Let o(p) = -3*p**3 - 9*p**2 - 2*p - 4. Let m(z) = -z**3 - z**2 + z. Let a(c) = 4*m(c) - o(c). Give a(k).
4
Let c(l) = -9*l. Suppose -17 - 1 = 3*v. Let y(d) = -10*d. Let k(z) = v*c(z) + 5*y(z). Suppose -2*x - 4 = -2. Determine k(x).
-4
Suppose 2*l + 0*l = 0. Suppose -6*m = g - m - 7, -5 = -5*m. Let x(u) = -3*u - 2*u**g + u + u**2 + 14 + 3*u. What is x(l)?
14
Suppose -2*v = 38*u - 39*u + 11, -5*u - 15 = 4*v. Let g(a) = 2*a**3 + 2*a**2 - 4*a + 1. Give g(u).
1
Let n(k) = -k**3 - 4*k**2 - k + 4. Let z be (-9)/(-6)*8/6. Suppose -z*t = -2*r, -5*r - 6 = -t - r. Let d be n(t). Let q(y) = -2*y - 2. What is q(d)?
2
Let a(n) = 5*n**3 + n**2 - 5*n - 15. Let i(m) be the third derivative of -m**6/40 + m**4/8 + 4*m**3/3 + 18*m**2. Let f(o) = 4*a(o) + 7*i(o). Give f(4).
0
Suppose 11*p - 12 = 14*p, -5*h - 5*p = 15. Let g(d) = 5*d**2 + 4*d - 2. Determine g(h).
7
Suppose -21*b - 73 - 74 = 0. Let p(m) = -2*m - 2. Calculate p(b).
12
Let k(b) = -39*b + 7. Let g be k(0). Let u(s) be the second derivative of s**5/20 - s**4/2 - 7*s**3/6 - s**2/2 + 5*s. What is u(g)?
-1
Let t(n) = -n**2 + 2*n + 6. Suppose -2*o = 5 + 17. Let j = o - -8. Let v(r) = -r**2 + 3*r + 7. Let k(f) = j*t(f) + 4*v(f). Calculate k(8).
-6
Let n(i) = 7*i**3 + 16*i**2 - 4*i + 9. Let w(b) = 19*b**3 + 46*b**2 - 11*b + 26. Let q(y) = 11*n(y) - 4*w(y). Let v(x) = -2*x - 8. Let a be v(-8). What is q(a)?
-5
Let c(v) = -v**2 - 3*v + 11. Let q be c(-7). Let o = q - -21. Suppose 0 = 4*t + 8, 0*a - a - o*t - 14 = 0. Let m(w) = -w**3 - 6*w**2 - 2*w - 7. Calculate m(a).
5
Let w = 486 - 505. Let o(j) = -j**3 - 18*j**2 + 19*j - 19. Calculate o(w).
-19
Suppose -2*i - 2*i - 32 = 0. Let w(p) be the first derivative of 3*p**2/2 + 7*p + 219. Calculate w(i).
-17
Let i(a) = -8*a**2 - 15 + 2*a + 6*a + 21*a**2. Let t be (-79)/(-7) - 2/7. Let q(b) = -7*b**2 - 4*b + 8. Let s(m) = t*q(m) + 6*i(m). Calculate s(-5).
3
Let b(i) = 189*i - 554*i + 186*i + 195*i + 1. What is b(2)?
33
Let y = 0 + -17. Let z = y - -14. Let m(b) = -b. Give m(z).
3
Let j = 12 - 10. Suppose 5*z - 1 = j*u - 3, -1 = -u + 3*z. Let o(n) be the second derivative of -n**4/12 + n**3/2 - n**2/2 - 4*n. Calculate o(u).
1
Suppose 10*v = 12*v + 12. Let q(p) = p**3 + 8*p**2 + 5*p + 1. Determine q(v).
43
Let o(i) = i - 8. Let m(b) = 2*b**2 - 7*b - 11. Let n be m(5). Suppose 0 = 2*p - 16 + n. Give o(p).
-2
Let h(z) = 6*z - 35. Let a(k) = -11*k + 63. Let i(x) = -5*a(x) - 9*h(x). Let u be (1 + 1)*(-2)/4. Calculate i(u).
-1
Let n(v) be the second derivative of -v**5/4 + v**2/2 + 1014*v. Let b(d) = 2*d - 1. Let y be b(1). Let m = y + -2. Calculate n(m).
6
Let h(a) = 15*a + 5. Let l = 646 - 648. Calculate h(l).
-25
Suppose -5*a + 16 = -5*i + 11, -5*a - 4*i + 50 = 0. Let d(y) = -y**2 + 7*y - 5. Determine d(a).
1
Let t(d) be the third derivative of d**5/12 + d**4/12 + d**3/6 + 36*d**2 + 2*d. Calculate t(-1).
4
Let y(u) = -u**3 + 11*u**2 - 10*u. Let s be y(10). Suppose -2*o - n - 2 = o, s = 2*o - 5*n - 10. Let q(d) = o*d + 6*d - 3 - 4*d - 2. Determine q(5).
5
Let l(m) = -m - 9. Let r be l(-6). Let q(z) = -z + 32. Let w(c) = c - 39. Let d(j) = -6*q(j) - 5*w(j). What is d(r)?
0
Let b be (0 - -3)/((4/(-6))/(-2)). Suppose 8 = 13*w - b*w. Let l(i) = -i**3 + 4*i**2 - i - 1. Give l(w).
5
Let q = -304 - -293. Let v(d) = -2*d - 18. What is v(q)?
4
Let y(s) be the second derivative of -s**4/12 + s**3 + 15*s**2/2 + 41*s + 3. Give y(7).
8
Let m be ((-4)/3)/((-20)/105). Let r(h) = -h**3 + 3*h**2 + 5*h + m - 18 + 9. Determine r(3).
13
Let l(u) = 2*u**2 - 2*u - 4. Let j be 11*1 - (52 - 44). Give l(j).
8
Let q(h) = -h. Suppose 4*r - 243 = r + 3*m, -2*m + 174 = 2*r. Suppose -r = -6*t - 0*t. Let l = 19 - t. Determine q(l).
-5
Suppose -2*o - 2*o = -24. Suppose 0 = 5*l + 2*c - o, 8 = 3*l - 2*c - 2. Let u(y) = 9*y**l - 10 - y + 10. Calculate u(1).
8
Let x(k) = 0*k**3 + 3*k**3 - 2 - 8*k**2 - k**3 + 8 - k**3 - k. Give x(8).
-2
Let d(m) = -m**3 + 3*m**2 - m + 1. Let h be d(1). Let q(u) be the third derivative of 3*u**h + 1/24*u**4 + 0*u**3 + 0*u + 1/60*u**5 + 0. Determine q(-2).
2
Let a(l) = -9*l + 9. Let g(u) = -4*u + 4. Let n(q) = -4*q**2 - 31*q - 8. Let z be n(-7). Let f(c) = z*g(c) - 6*a(c). Determine f(-1).
-4
Let u be 4 + -3 - 2/(-2). Suppose -u*g - 3*g - 20 = 0, 3*g = 2*b - 16. Let f(r) be the third derivative of -r**4/24 - r**3/6 + 20*r**2. Determine f(b).
-3
Let c(a) = -11*a + 42. Let y(f) = 9*f - 39. Let o(x) = 5*c(x) + 6*y(x). Determine o(-6).
-18
Let s(x) = 5*x + 1. Let a = -618 + 613. Give s(a).
-24
Let m(a) = 2*a - 55. Let j be m(26). Let w = -11 - j. Let h(p) = p**2 + 6*p + 9. Give h(w).
25
Let u(a) be the third derivative of -7*a**4/12 - a**3/2 + 2*a**2 + 150*a. Give u(-1).
11
Let x(p) = p + 3. Let f be (8/(-12))/(2/3) - -3. Let y be (22 - 20)/(f/5). Give x(y).
8
Let q = 40 - 29. Suppose q*x - 7*x = 12. Let g be -1*2/((-2)/x). Let v(d) = -2*d + 1. Calculate v(g).
-5
Suppose 1 = -g + 5*l, 4*l + 3 = 2*g + 5. Let k(s) = 48*s + 13. Suppose 2 = -z - 0*z. Let c(d) = -12*d - 3. Let n(t) = z*k(t) - 9*c(t). Give n(g).
-11
Let o(q) = -2*q. Suppose -9*k - 204 = -13*k. Let x = k + -53. Give o(x).
4
Let u(l) = l**2 - 2*l + 1. Let y(z) = -z + 1. Let v(h) = 2*u(h) - 3*y(h). Let r be -1 + 9/6 - (-147)/98. Calculate v(r).
5
Let q(s) be the second derivative of s**3/6 + 5*s**2/2 - 2*s. Let h be ((-860)/(-516))/(3/(-9)). What is q(h)?
0
Let u(y) = -5*y**2 - 12*y - 10. Let d(x) = 6*x**2 + 13*x + 11. Let l(s) = -4*d(s) - 5*u(s). Determine l(-8).
6
Let a(o) = 2*o + 6. Let n(p) = -p**3 + 29*p**2 - 81*p + 84. Let f be n(26). Give a(f).
18
Let y(q) = -q**3 + 5*q**2 - 5*q - 1. Let c(x) = x**2 + 8*x + 3. Let p be c(-7). Let o be (-43)/p + (-5)/(-20). Let k = 15 - o. Give y(k).
-5
Let i(c) = c**3 - 6*c**2 + 6*c - 6. Let w(o) = 9*o**2 + o + 9. Let r(t) = -5*t**2 - t - 5. Let z(a) = 11*r(a) + 6*w(a). Let f be z(-2). What is i(f)?
-1
Let c(x) = -5*x**3 + 4*x**2 + x + 2. L